digit of 328022016?
2
What is the ten millions digit of 338702044?
3
What is the hundred thousands digit of 9943137?
9
What is the ten thousands digit of 505225230?
2
What is the units digit of 49014016?
6
What is the tens digit of 1827495013?
1
What is the hundreds digit of 148257302?
3
What is the hundred millions digit of 103097761?
1
What is the tens digit of 13438836?
3
What is the millions digit of 543815943?
3
What is the hundred thousands digit of 449970101?
9
What is the tens digit of 66717248?
4
What is the hundreds digit of 20138815?
8
What is the tens digit of 124606193?
9
What is the thousands digit of 131360642?
0
What is the thousands digit of 2791128645?
8
What is the millions digit of 107464379?
7
What is the hundreds digit of 82167819?
8
What is the hundreds digit of 96544065?
0
What is the thousands digit of 597742692?
2
What is the hundred millions digit of 1412696319?
4
What is the hundred millions digit of 2438411488?
4
What is the ten thousands digit of 6768752012?
5
What is the billions digit of 1726496334?
1
What is the hundreds digit of 787599604?
6
What is the hundreds digit of 83571316?
3
What is the millions digit of 63633255?
3
What is the billions digit of 2353166918?
2
What is the units digit of 2685275787?
7
What is the ten millions digit of 3495840871?
9
What is the hundred thousands digit of 3681368653?
3
What is the hundred thousands digit of 37295522?
2
What is the hundreds digit of 35118123?
1
What is the tens digit of 781737419?
1
What is the thousands digit of 490460601?
0
What is the tens digit of 799325419?
1
What is the tens digit of 4126332281?
8
What is the ten millions digit of 79967500?
7
What is the hundred thousands digit of 276175868?
1
What is the hundreds digit of 583828817?
8
What is the units digit of 116358623?
3
What is the hundred thousands digit of 244078719?
0
What is the units digit of 72607389?
9
What is the tens digit of 214878793?
9
What is the millions digit of 1329457979?
9
What is the units digit of 1413920579?
9
What is the ten thousands digit of 30634003?
3
What is the ten thousands digit of 224770953?
7
What is the hundreds digit of 119570904?
9
What is the tens digit of 191574690?
9
What is the ten thousands digit of 7851067882?
6
What is the hundred millions digit of 2061019306?
0
What is the ten millions digit of 2773553375?
7
What is the hundred thousands digit of 3276778695?
7
What is the tens digit of 6971890171?
7
What is the ten thousands digit of 4844516751?
1
What is the hundred thousands digit of 804237746?
2
What is the hundreds digit of 1211790533?
5
What is the units digit of 24377664?
4
What is the hundred millions digit of 152969127?
1
What is the millions digit of 638675409?
8
What is the units digit of 41857529?
9
What is the ten thousands digit of 1868253106?
5
What is the ten thousands digit of 2895898821?
9
What is the ten thousands digit of 7607372616?
7
What is the millions digit of 27289336?
7
What is the units digit of 197173351?
1
What is the units digit of 221222941?
1
What is the thousands digit of 95811224?
1
What is the thousands digit of 179109787?
9
What is the hundreds digit of 109095739?
7
What is the ten millions digit of 657738486?
5
What is the hundred millions digit of 138130230?
1
What is the units digit of 31979611?
1
What is the billions digit of 5322704809?
5
What is the hundred millions digit of 561656892?
5
What is the millions digit of 2175133?
2
What is the millions digit of 307265970?
7
What is the thousands digit of 119822858?
2
What is the hundreds digit of 79631986?
9
What is the hundreds digit of 1544909338?
3
What is the ten millions digit of 358303817?
5
What is the ten millions digit of 60231941?
6
What is the tens digit of 120139853?
5
What is the ten thousands digit of 97008210?
0
What is the ten millions digit of 27722602?
2
What is the hundred thousands digit of 161721909?
7
What is the tens digit of 193960408?
0
What is the hundreds digit of 2240980805?
8
What is the ten thousands digit of 247719287?
1
What is the hundreds digit of 30488353?
3
What is the hundred thousands digit of 1236814808?
8
What is the hundred thousands digit of 345122270?
1
What is the ten millions digit of 249948172?
4
What is the thousands digit of 487603954?
3
What is the hundreds digit of 47039832?
8
What is the tens digit of 78038141?
4
What is the hundred thousands digit of 59081667?
0
What is the hundreds digit of 713620063?
0
What is the tens digit of 211337573?
7
What is the thousands digit of 259960109?
0
What is the thousands digit of 429794581?
4
What is the units digit of 106515343?
3
What is the hundred thousands digit of 339173953?
1
What is the hundred millions digit of 478563517?
4
What is the ten thousands digit of 77823128?
2
What is the hundred millions digit of 3732095147?
7
What is the hundred thousands digit of 35372208?
3
What is the ten millions digit of 142313086?
4
What is the tens digit of 29011185?
8
What is the units digit of 8388330?
0
What is the units digit of 66073227?
7
What is the hundred millions digit of 311771314?
3
What is the hundreds digit of 8601876?
8
What is the hundred millions digit of 511262424?
5
What is the hundred thousands digit of 31739034?
7
What is the ten thousands digit of 45078266?
7
What is the tens digit of 278320868?
6
What is the ten millions digit of 2426624173?
2
What is the thousands digit of 347319383?
9
What is the hundreds digit of 89752629?
6
What is the millions digit of 208210440?
8
What is the thousands digit of 6071758813?
8
What is the millions digit of 741423840?
1
What is the hundred thousands digit of 14165279?
1
What is the ten millions digit of 17254887?
1
What is the units digit of 468697053?
3
What is the units digit of 5352797537?
7
What is the ten thousands digit of 1974971086?
7
What is the hundreds digit of 90897004?
0
What is the thousands digit of 34051279?
1
What is the millions digit of 85052554?
5
What is the hundreds digit of 923012267?
2
What is the ten thousands digit of 51866756?
6
What is the thousands digit of 505140030?
0
What is the hundred millions digit of 629517794?
6
What is the thousands digit of 7483187045?
7
What is the billions digit of 2352550115?
2
What is the millions digit of 87024829?
7
What is the tens digit of 42276571?
7
What is the hundred thousands digit of 43302050?
3
What is the ten millions digit of 743242339?
4
What is the tens digit of 110561189?
8
What is the hundred millions digit of 109784173?
1
What is the thousands digit of 73284418?
4
What is the hundred thousands digit of 198993473?
9
What is the hundreds digit of 1140805102?
1
What is the hundreds digit of 204136078?
0
What is the hundreds digit of 2240924758?
7
What is the hundred millions digit of 318357272?
3
What is the hundred thousands digit of 39390122?
3
What is the ten millions digit of 1930283520?
3
What is the hundred millions digit of 1154248010?
1
What is the hundred thousands digit of 6628942?
6
What is the hundreds digit of 918600034?
0
What is the hundred millions digit of 184415671?
1
What is the thousands digit of 160523649?
3
What is the thousands digit of 2399192726?
2
What is the billions digit of 6879655668?
6
What is the ten millions digit of 3372498702?
7
What is the hundreds digit of 131474098?
0
What is the units digit of 163488802?
2
What is the hundreds digit of 42869778?
7
What is the ten millions digit of 95269217?
9
What is the hundreds digit of 186383725?
7
What is the hundreds digit of 988422078?
0
What is the hundreds digit of 380003446?
4
What is the hundreds digit of 15272885?
8
What is the hundred thousands digit of 1411189074?
1
What is the ten millions digit of 889765528?
8
What is the units digit of 201345343?
3
What is the tens digit of 48331319?
1
What is the hundreds digit of 63346996?
9
What is the ten thousands digit of 2297744691?
4
What is the hundreds digit of 108482548?
5
What is the millions digit of 195248155?
5
What is the tens digit of 2097748745?
4
What is the hundreds digit of 3970048169?
1
What is the units digit of 34679084?
4
What is the hundred millions digit of 141090885?
1
What is the billions digit of 1563630759?
1
What is the thousands digit of 255514638?
4
What is the ten millions digit of 109585392?
